{"id":171,"date":"2014-07-05T11:48:10","date_gmt":"2014-07-05T16:48:10","guid":{"rendered":"http:\/\/delfscolairemb.ca\/home-2\/"},"modified":"2014-08-31T20:49:33","modified_gmt":"2014-09-01T01:49:33","slug":"home","status":"publish","type":"page","link":"https:\/\/delfscolairemb.ca\/fr\/","title":{"rendered":"Accueil"},"content":{"rendered":"<p><img loading=\"lazy\" decoding=\"async\" class=\"aligncenter size-full wp-image-15\" src=\"http:\/\/delfscolairemb.ca\/wp-content\/uploads\/2014\/06\/student-photo-large.jpg\" alt=\"Students\" width=\"1950\" height=\"1344\" srcset=\"https:\/\/delfscolairemb.ca\/wp-content\/uploads\/2014\/06\/student-photo-large.jpg 1950w, https:\/\/delfscolairemb.ca\/wp-content\/uploads\/2014\/06\/student-photo-large-300x206.jpg 300w, https:\/\/delfscolairemb.ca\/wp-content\/uploads\/2014\/06\/student-photo-large-1024x705.jpg 1024w, https:\/\/delfscolairemb.ca\/wp-content\/uploads\/2014\/06\/student-photo-large-624x430.jpg 624w\" sizes=\"auto, (max-width: 1950px) 100vw, 1950px\" \/><\/p>\n<p class=\"Normal\" style=\"color: #000000;\">Le\u00a0<span class=\"Normal__Char\" style=\"font-weight: bold;\">Centre DELF des divisions scolaires du Manitoba\u00a0<\/span>(DELF Centre for Manitoba School Divisions) est un organisme sans but lucratif qui facilite l\u2019\u00e9valuation des savoir-faire en fran\u00e7ais langue seconde des \u00e9l\u00e8ves des \u00e9coles du Manitoba.<\/p>\n<p class=\"Normal\" style=\"color: #000000;\">Les \u00e9l\u00e8ves ont la possibilit\u00e9 de\u00a0:<\/p>\n<ul>\n<li>mesurer leur comp\u00e9tence en langue fran\u00e7aise \u00e0 l\u2019aide du DELF, un outil d\u2019\u00e9valuation utilis\u00e9 dans le monde entier;<\/li>\n<li>certifier leur capacit\u00e9 d\u2019utiliser le fran\u00e7ais en situation r\u00e9elle;<\/li>\n<li>obtenir un dipl\u00f4me international d\u2019\u00e9tudes en langue fran\u00e7aise.<\/li>\n<\/ul>\n","protected":false},"excerpt":{"rendered":"<p>Le\u00a0Centre DELF des divisions scolaires du Manitoba\u00a0(DELF Centre for Manitoba School Divisions) est un organisme sans but lucratif qui facilite l\u2019\u00e9valuation des savoir-faire en fran\u00e7ais langue seconde des \u00e9l\u00e8ves des \u00e9coles du Manitoba. Les \u00e9l\u00e8ves ont la possibilit\u00e9 de\u00a0: mesurer leur comp\u00e9tence en langue fran\u00e7aise \u00e0 l\u2019aide du DELF, un outil d\u2019\u00e9valuation utilis\u00e9 dans le &hellip; <a href=\"https:\/\/delfscolairemb.ca\/fr\/\" class=\"more-link\">Continue reading <span class=\"screen-reader-text\">Accueil<\/span> <span class=\"meta-nav\">&rarr;<\/span><\/a><\/p>\n","protected":false},"author":1,"featured_media":0,"parent":0,"menu_order":0,"comment_status":"closed","ping_status":"closed","template":"page-templates\/page-no-title.php","meta":{"footnotes":""},"class_list":["post-171","page","type-page","status-publish","hentry"],"yoast_head":"<!-- This site is optimized with the Yoast SEO plugin v28.3 - https:\/\/yoast.com\/product\/yoast-seo-wordpress\/ -->\n<title>Accueil - Centre DELF des divisions scolaires du Manitoba<\/title>\n<meta name=\"robots\" content=\"index, follow, max-snippet:-1, max-image-preview:large, max-video-preview:-1\" \/>\n<link rel=\"canonical\" href=\"https:\/\/delfscolairemb.ca\/fr\/home\/\" \/>\n<script type=\"application\/ld+json\" class=\"yoast-schema-graph\">{\"@context\":\"https:\\\/\\\/schema.org\",\"@graph\":[{\"@type\":\"WebPage\",\"@id\":\"https:\\\/\\\/delfscolairemb.ca\\\/fr\\\/home\\\/\",\"url\":\"https:\\\/\\\/delfscolairemb.ca\\\/fr\\\/home\\\/\",\"name\":\"Accueil - Centre DELF des divisions scolaires du Manitoba\",\"isPartOf\":{\"@id\":\"https:\\\/\\\/delfscolairemb.ca\\\/#website\"},\"primaryImageOfPage\":{\"@id\":\"https:\\\/\\\/delfscolairemb.ca\\\/fr\\\/home\\\/#primaryimage\"},\"image\":{\"@id\":\"https:\\\/\\\/delfscolairemb.ca\\\/fr\\\/home\\\/#primaryimage\"},\"thumbnailUrl\":\"http:\\\/\\\/delfscolairemb.ca\\\/wp-content\\\/uploads\\\/2014\\\/06\\\/student-photo-large.jpg\",\"datePublished\":\"2014-07-05T16:48:10+00:00\",\"dateModified\":\"2014-09-01T01:49:33+00:00\",\"breadcrumb\":{\"@id\":\"https:\\\/\\\/delfscolairemb.ca\\\/fr\\\/home\\\/#breadcrumb\"},\"inLanguage\":\"fr-FR\",\"potentialAction\":[{\"@type\":\"ReadAction\",\"target\":[\"https:\\\/\\\/delfscolairemb.ca\\\/fr\\\/home\\\/\"]}]},{\"@type\":\"ImageObject\",\"inLanguage\":\"fr-FR\",\"@id\":\"https:\\\/\\\/delfscolairemb.ca\\\/fr\\\/home\\\/#primaryimage\",\"url\":\"http:\\\/\\\/delfscolairemb.ca\\\/wp-content\\\/uploads\\\/2014\\\/06\\\/student-photo-large.jpg\",\"contentUrl\":\"http:\\\/\\\/delfscolairemb.ca\\\/wp-content\\\/uploads\\\/2014\\\/06\\\/student-photo-large.jpg\"},{\"@type\":\"BreadcrumbList\",\"@id\":\"https:\\\/\\\/delfscolairemb.ca\\\/fr\\\/home\\\/#breadcrumb\",\"itemListElement\":[{\"@type\":\"ListItem\",\"position\":1,\"name\":\"Home\",\"item\":\"https:\\\/\\\/delfscolairemb.ca\\\/fr\\\/home\\\/\"},{\"@type\":\"ListItem\",\"position\":2,\"name\":\"Accueil\"}]},{\"@type\":\"WebSite\",\"@id\":\"https:\\\/\\\/delfscolairemb.ca\\\/#website\",\"url\":\"https:\\\/\\\/delfscolairemb.ca\\\/\",\"name\":\"Centre DELF des divisions scolaires du Manitoba\",\"description\":\"Centre DELF des divisions scolaires du Manitoba\",\"publisher\":{\"@id\":\"https:\\\/\\\/delfscolairemb.ca\\\/#organization\"},\"potentialAction\":[{\"@type\":\"SearchAction\",\"target\":{\"@type\":\"EntryPoint\",\"urlTemplate\":\"https:\\\/\\\/delfscolairemb.ca\\\/?s={search_term_string}\"},\"query-input\":{\"@type\":\"PropertyValueSpecification\",\"valueRequired\":true,\"valueName\":\"search_term_string\"}}],\"inLanguage\":\"fr-FR\"},{\"@type\":\"Organization\",\"@id\":\"https:\\\/\\\/delfscolairemb.ca\\\/#organization\",\"name\":\"Centre DELF des divisions scolaires du Manitoba\",\"url\":\"https:\\\/\\\/delfscolairemb.ca\\\/\",\"logo\":{\"@type\":\"ImageObject\",\"inLanguage\":\"fr-FR\",\"@id\":\"https:\\\/\\\/delfscolairemb.ca\\\/#\\\/schema\\\/logo\\\/image\\\/\",\"url\":\"http:\\\/\\\/delfscolairemb.ca\\\/wp-content\\\/uploads\\\/2014\\\/07\\\/DELF-mb-logo-black-200.png\",\"contentUrl\":\"http:\\\/\\\/delfscolairemb.ca\\\/wp-content\\\/uploads\\\/2014\\\/07\\\/DELF-mb-logo-black-200.png\",\"width\":200,\"height\":197,\"caption\":\"Centre DELF des divisions scolaires du Manitoba\"},\"image\":{\"@id\":\"https:\\\/\\\/delfscolairemb.ca\\\/#\\\/schema\\\/logo\\\/image\\\/\"}}]}<\/script>\n<!-- \/ Yoast SEO plugin. -->","yoast_head_json":{"title":"Accueil - Centre DELF des divisions scolaires du Manitoba","robots":{"index":"index","follow":"follow","max-snippet":"max-snippet:-1","max-image-preview":"max-image-preview:large","max-video-preview":"max-video-preview:-1"},"canonical":"https:\/\/delfscolairemb.ca\/fr\/home\/","schema":{"@context":"https:\/\/schema.org","@graph":[{"@type":"WebPage","@id":"https:\/\/delfscolairemb.ca\/fr\/home\/","url":"https:\/\/delfscolairemb.ca\/fr\/home\/","name":"Accueil - Centre DELF des divisions scolaires du Manitoba","isPartOf":{"@id":"https:\/\/delfscolairemb.ca\/#website"},"primaryImageOfPage":{"@id":"https:\/\/delfscolairemb.ca\/fr\/home\/#primaryimage"},"image":{"@id":"https:\/\/delfscolairemb.ca\/fr\/home\/#primaryimage"},"thumbnailUrl":"http:\/\/delfscolairemb.ca\/wp-content\/uploads\/2014\/06\/student-photo-large.jpg","datePublished":"2014-07-05T16:48:10+00:00","dateModified":"2014-09-01T01:49:33+00:00","breadcrumb":{"@id":"https:\/\/delfscolairemb.ca\/fr\/home\/#breadcrumb"},"inLanguage":"fr-FR","potentialAction":[{"@type":"ReadAction","target":["https:\/\/delfscolairemb.ca\/fr\/home\/"]}]},{"@type":"ImageObject","inLanguage":"fr-FR","@id":"https:\/\/delfscolairemb.ca\/fr\/home\/#primaryimage","url":"http:\/\/delfscolairemb.ca\/wp-content\/uploads\/2014\/06\/student-photo-large.jpg","contentUrl":"http:\/\/delfscolairemb.ca\/wp-content\/uploads\/2014\/06\/student-photo-large.jpg"},{"@type":"BreadcrumbList","@id":"https:\/\/delfscolairemb.ca\/fr\/home\/#breadcrumb","itemListElement":[{"@type":"ListItem","position":1,"name":"Home","item":"https:\/\/delfscolairemb.ca\/fr\/home\/"},{"@type":"ListItem","position":2,"name":"Accueil"}]},{"@type":"WebSite","@id":"https:\/\/delfscolairemb.ca\/#website","url":"https:\/\/delfscolairemb.ca\/","name":"Centre DELF des divisions scolaires du Manitoba","description":"Centre DELF des divisions scolaires du Manitoba","publisher":{"@id":"https:\/\/delfscolairemb.ca\/#organization"},"potentialAction":[{"@type":"SearchAction","target":{"@type":"EntryPoint","urlTemplate":"https:\/\/delfscolairemb.ca\/?s={search_term_string}"},"query-input":{"@type":"PropertyValueSpecification","valueRequired":true,"valueName":"search_term_string"}}],"inLanguage":"fr-FR"},{"@type":"Organization","@id":"https:\/\/delfscolairemb.ca\/#organization","name":"Centre DELF des divisions scolaires du Manitoba","url":"https:\/\/delfscolairemb.ca\/","logo":{"@type":"ImageObject","inLanguage":"fr-FR","@id":"https:\/\/delfscolairemb.ca\/#\/schema\/logo\/image\/","url":"http:\/\/delfscolairemb.ca\/wp-content\/uploads\/2014\/07\/DELF-mb-logo-black-200.png","contentUrl":"http:\/\/delfscolairemb.ca\/wp-content\/uploads\/2014\/07\/DELF-mb-logo-black-200.png","width":200,"height":197,"caption":"Centre DELF des divisions scolaires du Manitoba"},"image":{"@id":"https:\/\/delfscolairemb.ca\/#\/schema\/logo\/image\/"}}]}},"_links":{"self":[{"href":"https:\/\/delfscolairemb.ca\/fr\/wp-json\/wp\/v2\/pages\/171","targetHints":{"allow":["GET"]}}],"collection":[{"href":"https:\/\/delfscolairemb.ca\/fr\/wp-json\/wp\/v2\/pages"}],"about":[{"href":"https:\/\/delfscolairemb.ca\/fr\/wp-json\/wp\/v2\/types\/page"}],"author":[{"embeddable":true,"href":"https:\/\/delfscolairemb.ca\/fr\/wp-json\/wp\/v2\/users\/1"}],"replies":[{"embeddable":true,"href":"https:\/\/delfscolairemb.ca\/fr\/wp-json\/wp\/v2\/comments?post=171"}],"version-history":[{"count":17,"href":"https:\/\/delfscolairemb.ca\/fr\/wp-json\/wp\/v2\/pages\/171\/revisions"}],"predecessor-version":[{"id":399,"href":"https:\/\/delfscolairemb.ca\/fr\/wp-json\/wp\/v2\/pages\/171\/revisions\/399"}],"wp:attachment":[{"href":"https:\/\/delfscolairemb.ca\/fr\/wp-json\/wp\/v2\/media?parent=171"}],"curies":[{"name":"wp","href":"https:\/\/api.w.org\/{rel}","templated":true}]}}

<p><img loading="lazy" decoding="async" class="aligncenter size-full wp-image-15" src="http://delfscolairemb.ca/wp-content/uploads/2014/06/student-photo-large.jpg" alt="Students" width="1950" height="1344" srcset="https://delfscolairemb.ca/wp-content/uploads/2014/06/student-photo-large.jpg 1950w, https://delfscolairemb.ca/wp-content/uploads/2014/06/student-photo-large-300x206.jpg 300w, https://delfscolairemb.ca/wp-content/uploads/2014/06/student-photo-large-1024x705.jpg 1024w, https://delfscolairemb.ca/wp-content/uploads/2014/06/student-photo-large-624x430.jpg 624w" sizes="auto, (max-width: 1950px) 100vw, 1950px" /></p>
<p class="Normal" style="color: #000000;">Le <span class="Normal__Char" style="font-weight: bold;">Centre DELF des divisions scolaires du Manitoba </span>(DELF Centre for Manitoba School Divisions) est un organisme sans but lucratif qui facilite l’évaluation des savoir-faire en français langue seconde des élèves des écoles du Manitoba.</p>
<p class="Normal" style="color: #000000;">Les élèves ont la possibilité de :</p>
<ul>
<li>mesurer leur compétence en langue française à l’aide du DELF, un outil d’évaluation utilisé dans le monde entier;</li>
<li>certifier leur capacité d’utiliser le français en situation réelle;</li>
<li>obtenir un diplôme international d’études en langue française.</li>
</ul>

<p>Le Centre DELF des divisions scolaires du Manitoba (DELF Centre for Manitoba School Divisions) est un organisme sans but lucratif qui facilite l’évaluation des savoir-faire en français langue seconde des élèves des écoles du Manitoba. Les élèves ont la possibilité de : mesurer leur compétence en langue française à l’aide du DELF, un outil d’évaluation utilisé dans le &hellip; <a href="https://delfscolairemb.ca/fr/" class="more-link">Continue reading <span class="screen-reader-text">Accueil</span> <span class="meta-nav">&rarr;</span></a></p>
